 first derivative of f**3/3 + 3*f**2 + 9*f + 2. Let q(n) = -3*g(n) - 2*w(n). Give q(-5).
1
Suppose s + 2*s + 4 = -5*c, -4*c = 4*s. Let z(p) = p**3 - 5*p**2 + 3*p - 1. Calculate z(s).
-7
Let f(n) = 2*n - 6. Let a = -5 + 19. Let o = a - 8. Calculate f(o).
6
Let q(z) = z**3 + 7*z**2 + 2*z + 8. Let y = 25 - 23. Suppose -t = -3*d - 3*t - 23, y*t + 9 = -d. Calculate q(d).
-6
Let z(t) = 2*t + 9. Let y(k) = -k - 5. Let l(c) = -7*y(c) - 4*z(c). Let i be l(-4). Let h be -3*(-1 - (-6)/i). Let s(q) = -q**2 - 2*q - 3. Calculate s(h).
-6
Suppose 4 = 2*g + 2*k - 0, g = -5*k - 2. Let c(m) = 2*m**2 - 5*m + 4. Give c(g).
7
Let w(g) = g - 14. Let a(i) = i - 7. Let v(y) = -5*a(y) + 3*w(y). Determine v(-7).
7
Let h(l) = -l**3 + 6*l**2 + l + 5. Suppose 3*d - d - 12 = 0. Determine h(d).
11
Suppose 0 = -7*b + 3*b - 3*g + 2, -3*b + g - 5 = 0. Let a(o) = -6*o + 1. Determine a(b).
7
Let h(v) = -v**2 + 6*v - 5. Let o be h(5). Let b(t) = -1 + o + 2*t - t**2 + t. What is b(4)?
-5
Let j(n) be the first derivative of -n**4/4 + n**2/2 - n - 2. What is j(2)?
-7
Let v(q) = 2*q**2 + 11*q + 3. Let b be v(-5). Let a(i) = 2*i**3 - 4*i - 3. Give a(b).
-11
Let n(h) = h**2 - 1. Let v = -4 + 6. Let i(j) = -5*j - 4. Let t(z) = v*n(z) - i(z). Determine t(-3).
5
Let m(j) = -6 + 5 + 24*j - 22*j. Give m(-3).
-7
Let q(h) = 3*h**2 + 3*h + 2. Let w(i) = i**2 - 12*i + 9. Let k be w(11). Give q(k).
8
Suppose -2*u - 12 = 2*u - 4*j, 2*u = j - 4. Let f be u + -3 + 15/3. Let q(o) = -6*o**3 + o**2 - 2*o + 1. Give q(f).
-6
Let r(u) = -2*u**2 + 3*u. Suppose y = 4*y - 6. Give r(y).
-2
Let d be (-1)/(1 + -3 + 1). Let o(i) be the first derivative of -1/3*i**3 + 0*i**2 - 9 - i. Determine o(d).
-2
Let d(k) = -5*k. Let o(l) = l**3 - 25*l**2 + 2*l - 55. Let s be o(25). Give d(s).
25
Let t be 0 - -1 - (-3 + 2). Let h(y) = 0*y + t*y - y. What is h(4)?
4
Let a(m) be the second derivative of m**4/6 - m**3/6 - m**2/2 + 6*m. Give a(2).
5
Let n(x) be the second derivative of x**5/20 - 5*x**4/12 - 7*x**2/2 + 7*x. Calculate n(5).
-7
Suppose 19 = -4*r - c, -2*r - c = -3*r - 1. Let u(x) be the second derivative of x - 1/2*x**2 + 5/6*x**3 + 0 - 1/20*x**5 - 1/4*x**4. What is u(r)?
-5
Let t be 1 + 7/3 + 5/(-15). Let q(c) = 3*c + 6. Let f(a) = 2*a + 5. Let g(m) = -4*f(m) + 3*q(m). Give g(t).
1
Let r(a) = 19*a + 15*a - 33*a - 1. Calculate r(7).
6
Suppose -2*c = -2*f + 3*f + 1, -2*f = 5*c. Let r(x) = -x + 0*x - x**2 + 0*x**c. Suppose 5*p + 9 = i, 4*p - 6*i + 3 = -i. Determine r(p).
-2
Let t = -9 - -6. Let k = 3 + t. Let c(d) = d**3 + d**2 - 9. Calculate c(k).
-9
Let w be (-12)/(-36) - (-14)/(-6). Suppose 2*r + 5 + 1 = 0. Let k be (-1*3)/r - w. Let u(p) = p**3 - p**2 - 5*p + 4. Determine u(k).
7
Suppose 3*f + 8 = 5*q, -q - f - 3 = 3*f. Suppose -q + 3 = 2*l. Let j(i) = 4*i**2 - i**3 - 2*i - 1 + 2 - l - 2. What is j(3)?
1
Let k(b) = b + b + 3 - 4 - 2 + b**2. Give k(2).
5
Let z(p) = 7*p - 1. Let b(v) = -v + 1. Let t(j) = -2*b(j) - z(j). Determine t(3).
-16
Let q(s) = -s**2 + 8*s + 2. Let m be q(9). Let o(p) = -p - 1. Give o(m).
6
Let o(h) = 8*h + 2. Suppose 0*a - 2*a + g = 0, -4*g = a + 18. Give o(a).
-14
Let c(t) = -t**3 - 7*t**2 + 2*t. Let p be c(-7). Let s be 28/6 - p/(-21). Let z(g) = -3*g + 6. Calculate z(s).
-6
Let a(t) = -t**3 - 7*t**2 - 6*t + 6. Let o = 46 - 21. Suppose -4*u + u + 88 = 2*x, u - o = -5*x. Suppose -3*m = -8*m - u. Determine a(m).
6
Let k(i) = -7*i + 15. Let q(b) = 4*b - 8. Let h(w) = -3*k(w) - 5*q(w). What is h(5)?
0
Let o(c) be the third derivative of -c**4/24 - 7*c**3/6 + c**2. Suppose 3*m + 17 = 47*v - 43*v, m = v - 6. Give o(m).
0
Let h = 38 + -40. Let d(j) = -2*j + j + 2 + 2*j. What is d(h)?
0
Let o be 3/1 - (-2 + (1 - 1)). Let n(b) = b**2 - 4*b. Give n(o).
5
Let h(r) = -13*r**3 - 4*r**2 - 4*r - 29. Let q(t) = 3*t**3 + t**2 + t + 7. Let u(b) = -2*h(b) - 9*q(b). Calculate u(0).
-5
Let r(d) = 2*d**3 + 3*d - 2. Let v be r(1). Let l(f) be the first derivative of 0*f**2 + 0*f - 4 - 1/3*f**v. Give l(0).
0
Let w = 4 + -5. Let m = w - 0. Let d(x) = 6*x**2 + x + 1. What is d(m)?
6
Let c(m) be the first derivative of m**4/4 + m**3/6 - m**2/2 - m - 3. Let p(b) be the first derivative of c(b). Let f = -3 + 4. Give p(f).
3
Suppose -3*m = 3*c + 24, -m - 3*c + 5*c + 4 = 0. Let z(n) = 5*n + 1. Let y(v) = 6*v + 1. Let j(r) = m*z(r) + 3*y(r). Let a = -4 - -2. Determine j(a).
3
Let b be ((-8)/(-10))/(0 + (-2)/5). Let l(x) = x**3 + 3*x**2 + 2*x + 3. What is l(b)?
3
Let v(c) = -2*c + 8. Let n = 0 + 6. What is v(n)?
-4
Let p(k) be the second derivative of -k**5/20 + 5*k**4/12 - k**3 + k**2 + 8*k. Calculate p(4).
-6
Let h(c) = -c**2 - 7*c - 2. Suppose 4*s + 18 = -3*a, a = 4*s - 2*a + 6. Give h(s).
10
Let m(j) be the second derivative of -j**4/12 - j**3/2 + j**2 - j. Let w(t) be the first derivative of m(t). What is w(-5)?
7
Let h(k) = -6*k + 5. Let g(d) = 11*d - 9. Let b(m) = 3*g(m) + 5*h(m). Give b(-2).
-8
Let z(p) be the second derivative of -3*p**5/10 - p**4/6 + p**3/6 - 8*p. Let g(f) = -f - 1. Let s be g(-2). What is z(s)?
-7
Let a(i) = -4 - 4*i + 3*i - 8. Calculate a(0).
-12
Suppose m - 8 + 1 = -5*k, 0 = 4*k. Suppose m*z + 17 = 4*z + 5*a, a - 1 = 3*z. Let c(s) = -2*s + 2*s - z - s. Calculate c(-5).
4
Let s(t) = -2*t - 2. Let o(y) = y + 1. Suppose 1 = d - 3. Let b be o(d). Calculate s(b).
-12
Let n(s) = s**2 + 4*s - 2. Let z(j) = -2*j**2 - 7*j + 4. Let f(q) = -5*n(q) - 2*z(q). Suppose -a = -6*a - 30. Calculate f(a).
2
Let z(m) = -2*m - 1. Let y be 1 + -1 + -3 - -1. Determine z(y).
3
Let f be (1 + -3)/(3 + -4). Let v(z) = -7*z**f + 3*z**2 + 3*z**2 + 5*z - z + 1. Suppose 5 + 1 = 3*l. Determine v(l).
5
Let y(c) = 5. Let h(f) = -f + 1. Let j(v) = h(v) - y(v). Calculate j(0).
-4
Suppose -a + 3*d = 10 - 0, -3*d + 2 = -5*a. Suppose 3*q - 2*q = 0. Let r(x) = -x**3 - 2*x + 5*x + 3 + q + 4*x**a. Calculate r(5).
-7
Let n(p) = -1. Let s(k) = k - 7. Let d(x) = -28*n(x) + 4*s(x). Give d(-1).
-4
Let a(j) = 6*j**2 - 2. Let m(r) = -5*r**2 - r + 1. Let q(u) = -3*a(u) - 4*m(u). What is q(-2)?
2
Let k(i) = 12*i**2 + 2*i - 5. Let l(t) be the third derivative of 3*t**5/10 + t**4/8 - 4*t**3/3 + 5*t**2. Let j(f) = 8*k(f) - 5*l(f). Calculate j(-1).
5
Let b(t) = -t - 9. Let z(p) = -1. Let f(x) = -b(x) + 5*z(x). Suppose n + 20 = -4*n. Calculate f(n).
0
Let p(m) be the first derivative of -m**3/3 - 3*m**2/2 + 3*m + 5. Give p(-4).
-1
Let m be (-4 + 5 - 0)*(-2)/(-1). Let o(q) = -q - 1. What is o(m)?
-3
Let u(k) = k - 3. Let c(g) = -g**2 + 9*g - 3. Let q be c(8). Let d be u(q). Let r(w) = 7 - 4 + w + d + 2. Calculate r(-5).
2
Let b(p) = 2*p**3 - 3*p - 3*p**2 - 1 - 3*p**3 + 0 + 2*p**2. Give b(-2).
9
Let g = 1 - 1. Let w(a) = -4 - 2 + 12 - a. Determine w(g).
6
Let h(f) = -5*f + 1. Let l(q) = 21*q - 4. Let b(k) = 9*h(k) + 2*l(k). Let c(s) = -s - 9. Let z be c(-4). Let m = -3 - z. What is b(m)?
-5
Let b(n) = -n - 5. Let a(t) = -t**3 + 2*t**2 - 4. Let j be a(2). Give b(j).
-1
Let l(f) = f + 3*f**2 + 3 - 2*f - 4. What is l(-1)?
3
Let j = -1 + 3. Let i(z) = 2*z**2 - z**2 + 3*z**j - 1. Suppose -3*b + 2 = -2*w + 1, 4*w - b - 3 = 0. Determine i(w).
3
Suppose w = -3*r - 14, 0 = 4*r + 3*w + 6 + 6. Let q(f) = -4*f**2 + 13*f + 11. Let k(d) = d**2 - d - 1. Let s(p) = -5*k(p) - q(p). Give s(r).
6
Let w(u) = -8 + 3*u + 0 + 3. Let v(j) = 3*j - 5. Let b(m) = -3*v(m) + 4*w(m). Give b(4).
7
Let d(j) = j**3 - 5*j**2 + 2*j + 1. Let t = 26 - 22. Determine d(t).
-7
Let l(t) be the second derivative of -t + 1/3*t**3 + 3/2*t**2 + 0. Calculate l(-6).
-9
Let t be (5 + (-26)/10)/((-6)/20). Let w(v) = v - 4. Give w(t).
-12
Let t be (1/2)/(10/100). Suppose -z = -1 - 3. Let v(q) = 4*q**3 - 9*q**2 + q - 3. Let f(j) = 5*j**3 - 10*j**2 - 4. Let l(i) = z*v(i) - 3*f(i). Calculate l(t).
-5
Let d be (-1)/(((-1)/6)/(-1)). Let x(f) be the first derivative of f**4/4 + 2*f**3 + f**2/2 + 8*f + 6. Determine x(d).
2
Let w(v) = -v**3 + 9*v**2 + 9*v + 4. Let l be w(10). Let h(p) = -p**2 - 8*p. What is h(l)?
12
Suppose 0 = -0*f + 4*f. Let r = f - -8. Suppose -r = -3*p + 4. Let g(o) = -o**2 + 5*o - 5. What is g(p)?
-1
Let q = -5 + 10. Let w(j) = 2*j**2 - 1. Let i be w(-2). Let n(z) = -4 - 1 + 4*z**2 + i*z - z**3 + 1 - 3. What is n(q)?
3
Let w(u) = u**3 + 7*u**2 + 5*u - 7. Suppose 5*y = -4 - 26. What is w(y)?
-1
Suppose 0*x - 3 = -3*x - 2*f, -5*f = 5*x. Let n(b) = 1 + 2*b + 0*b + 2*b - b**x - 3*b.